j. List the prime factors of b.
29
List the prime factors of 2 - (-132)/(-154) - (2 - (-1112094)/(-21)).
2, 3, 1471
Suppose -5*l + 194 = 184. Suppose l*w - 5*b = 277, -4*w = 3*b + b - 484. What are the prime factors of w?
2, 3, 7
Suppose 5*p + 2*o - 27223 = 0, 4*p - 95*o - 21760 = -92*o. List the prime factors of p.
5443
Suppose -2*h - 4308 = 13*u - 14*u, -2*h - 8610 = -2*u. What are the prime factors of u?
2, 3, 239
Let j(s) = -s**2 + 3*s + 4. Let x be j(3). Suppose -2*c - 260 = 4*k - 1472, -2*c + x*k = -1188. Suppose -a - c = -7*a. What are the prime factors of a?
2, 5
Suppose 25310 = 4*k - 5*o, 42*k + 3*o - 6336 = 41*k. List the prime factors of k.
2, 3, 5, 211
Suppose -2*g - 3*k = -2*k + 1, k = -1. Let p = -40 + 42. Suppose -232 = -p*m - g*m. What are the prime factors of m?
2, 29
Let r(m) = -45*m + 76. Let b(f) = -f**2 + 6*f + 32. Let t be b(10). What are the prime factors of r(t)?
2, 109
Let w = 12924 + -8497. What are the prime factors of w?
19, 233
Suppose -146*d + 142*d + 12*s = -58864, 4*d = -2*s + 58878. What are the prime factors of d?
41, 359
Let o(i) = 3*i**3 - 3*i**2 - 2*i + 4. Let l be o(2). Suppose l*a - 439 = 11*a. List the prime factors of a.
439
What are the prime factors of (-5 - 15)*(-4)/(-10)*640388/(-112)?
2, 22871
Let k(m) be the second derivative of -m**3/2 + 3*m**2/2 + 6*m. Let r be (-3 - -6)/(-1 - 0). What are the prime factors of k(r)?
2, 3
Let v(o) = -o**3 + 66*o**2 + 325*o - 170. What are the prime factors of v(65)?
2, 5, 1259
Let n(y) = -y**2 + 11*y - 59. Let x be n(21). Let f = x - -334. What are the prime factors of f?
5, 13
Let g(h) = 31 - 14 + 20*h - 5 + 57. Let w be g(-13). Let i = -133 - w. List the prime factors of i.
2, 29
Let q = -18465 - -26585. List the prime factors of q.
2, 5, 7, 29
Let h(b) = -4911*b - 195. List the prime factors of h(-2).
3, 3209
Let g = 7794 + -6120. List the prime factors of g.
2, 3, 31
Let v(a) = -3*a + 8. Let f(y) = -5*y + 10 - 22 + 3*y + 11. Let k be f(3). List the prime factors of v(k).
29
Let j be (-9 - -6)*(-4)/(-6). Let f(a) = -42*a**2 - 4*a - 2. Let b be f(j). Let s = -99 - b. What are the prime factors of s?
3, 7
Suppose -11774 = -5*n + 4*g, 5*n = -0*n + 2*g + 11782. What are the prime factors of n?
2, 3, 131
Suppose t - 17 = -2*w, -28*w - 42 = -33*w - 3*t. Suppose -4173 - 3792 = -w*r. List the prime factors of r.
3, 5, 59
Let t be 0 - 0/(-3)*1. Suppose t = 11*i - 439 - 364. What are the prime factors of i?
73
Let y(x) = 51*x**2 - 24*x + 439. What are the prime factors of y(-22)?
113, 227
Let r be (((-1 + 7)/(-3))/(-2))/(-1). What are the prime factors of (((-794)/5)/r)/(168/420)?
397
Let a(b) = 18*b**2 + 105*b + 2307. What are the prime factors of a(-36)?
3, 5, 31, 47
Suppose 23 - 11 = 2*i. Let p(u) = -18*u - 35. Let q(d) = 6*d + 12. Let r(b) = i*p(b) + 17*q(b). List the prime factors of r(-6).
2, 3, 5
Suppose -322861 - 58100 = -21*t. What are the prime factors of t?
3, 6047
Let n = 50268 + -21821. What are the prime factors of n?
28447
Let x(l) = -16*l - 49. Let a be x(-14). Let b = 244 - a. What are the prime factors of b?
3, 23
Let y(o) = 12*o - 9. Let b be y(1). Suppose -b*w - 10 = -19. Suppose 3*m - w*h = -8*h + 134, 58 = m - h. List the prime factors of m.
53
Let u = 31 - 28. Suppose 0*i - f + 1 = i, 2*i - 17 = u*f. Suppose i*v = 5*v - 74. List the prime factors of v.
2, 37
Let s be ((-105)/25)/7*-125. Suppose 3*q = s + 216. Suppose q = 5*d - 2*a, 3*d + d = -2*a + 74. What are the prime factors of d?
19
Let m = -127 - -210. Suppose 0 = -p + 69 + m. Let t = p - 92. What are the prime factors of t?
2, 3, 5
Suppose -6*c = -0*c - 2592. What are the prime factors of ((-36)/8)/(428/c - 1)?
2, 3
Let h(b) = 6*b**3 - 2*b - 1. Let u be h(-1). Suppose 2*g + 16 = -4*r - 0*g, -r - 5*g = 22. What are the prime factors of r - (-5)/(u/(-86))?
2, 3, 7
List the prime factors of (6/(-60) - (-25499)/(-10))/((-42)/28).
2, 5, 17
Let f = 5 - 7. Let s = 1192 + -1240. What are the prime factors of (s + f)*9/(-3)?
2, 3, 5
Let j = 141 + -135. Suppose -j*h + 12600 = 2868. What are the prime factors of h?
2, 811
Let i = 66 + -69. Let h(c) = -73*c - 19. List the prime factors of h(i).
2, 5
Suppose 79*c - 16648 = 985850 + 356460. What are the prime factors of c?
2, 3, 47, 61
Let m(n) = 9063*n - 3777. List the prime factors of m(2).
3, 4783
Let m be (-2*60/8)/(12/16). Let b(f) = -12*f + 92. What are the prime factors of b(m)?
2, 83
Let t be (42/(-10))/(2/(-10)). Let q be (-5)/(-10)*6 + t. Suppose -q = 7*f - 360. List the prime factors of f.
2, 3
Let m = 359 - 116. List the prime factors of m + (-60)/(-10) + 0/1.
3, 83
Suppose -5*p + 20 = 4*u, -p + 0 = -3*u - 4. Suppose -25*y + 24*y + 820 = u. What are the prime factors of y?
2, 5, 41
Let w be (2/(-15)*9)/(3/(-15)). Let t(i) = i**3 + 2*i**2 + 7*i - 15. What are the prime factors of t(w)?
3, 5, 7
Let f(q) = -280*q**2 + 2*q + 4. Let r be f(-1). Let b = 578 + r. What are the prime factors of b?
2, 3, 5
Let j(g) = 7*g + 10. Let p be j(-6). Let n = p - -29. What are the prime factors of (-1 - 1) + (-171)/n?
5, 11
Suppose 0 = 11*p - 2804 - 5908. Let d = 170 + p. List the prime factors of d.
2, 13, 37
Let o(w) = -4*w - 4. Let v be o(3). Let t(f) = f**2 + 12*f - 145. Let x be t(8). Let i = x - v. What are the prime factors of i?
31
Let m(g) = 12*g**2 + 32*g + 6. What are the prime factors of m(-19)?
2, 5, 373
Let j be 2 - 0 - (-18)/6. Suppose 3*d = -j*h + 1080, -4*h + 7*d + 901 = 2*d. List the prime factors of h.
3, 73
Let f(m) = 0*m**2 - 12*m + 16 - 12*m + 16*m + m**2. Let v be f(5). Suppose -5*o + 2 - v = 2*l, 3*l + o = 21. List the prime factors of l.
2
Let i be -1 + -1 + -2 - (182 + -193). Let d(v) = 6*v**3 - 6*v**2 - 41*v + 10. List the prime factors of d(i).
1487
Suppose 5*i + 45*p - 47*p = 161438, -2*p = -4*i + 129150. What are the prime factors of i?
2, 1009
Let k(i) = -107*i - 173. Let h be k(-11). Let w = h - 752. What are the prime factors of w?
2, 3, 7
Let q(s) = -113*s - 87. Let b be q(-10). Suppose b + 148 = n. What are the prime factors of n?
3, 397
Let t(f) = f**3 - 54*f**2 - 69*f - 548. List the prime factors of t(59).
2, 3, 2131
Let f(s) = s**2 + s + 2. Let z(d) = -21*d - 204. Let j(h) = 2*f(h) - z(h). List the prime factors of j(-15).
313
Suppose -l + 19579 = -y, 2*y - 20208 = -3*l + 38559. What are the prime factors of l?
5, 3917
Suppose -74*a = -47 + 565. Let t(h) = -7*h**2 + 6*h**3 - 7*h**3 + 7 + 0*h - 3*h. What are the prime factors of t(a)?
2, 7
Let c be (2/(-6 - -2))/(1/134). Suppose -102 = -5*z + 463. Let b = c + z. List the prime factors of b.
2, 23
Let s be 2 - (-20)/(-9) - 3216/108. Let n be ((-84)/s - -4)/(1/35). What are the prime factors of (-2)/(-8)*6 + n/4?
61
Let i(o) = -3 + 41*o + 38 - 6 - 39*o. Let r be i(-12). What are the prime factors of (r - (-81)/(-15)) + 157/5?
31
Let q = 9117 - 1038. What are the prime factors of q?
3, 2693
Suppose 7*g - 2*g = -5*q, -5*q - 4*g = 2. What are the prime factors of 4/(-22) + q/(-110)*26905?
3, 163
List the prime factors of 2305/(-6 - (-145)/20).
2, 461
Let m(z) = 3*z**3 - 12*z**2 + 29*z - 6. Let t = -217 + 224. What are the prime factors of m(t)?
2, 11, 29
Let p(v) = -206*v - 114. Let s be p(-18). Suppose 2*a - 1826 - 1738 = 2*w, s = 2*a + 4*w. What are the prime factors of a?
1787
Let x(n) = 199*n**2 + 4*n - 8. Let k be x(-3). Suppose 0 = 4*c + 335 - k. List the prime factors of c.
359
Suppose 4*t + 4 = 0, 2*w = 4*t + 414 + 52. Suppose a = 4*y + 167 + w, 1516 = 4*a + 3*y. What are the prime factors of a?
2, 191
What are the prime factors of 3 + (-38)/12 + 35191/78?
11, 41
Suppose -5*r + 986 + 761 = -2*h, 0 = 5*h - 3*r + 4415. Let f = 2040 + h. What are the prime factors of f?
2, 577
Suppose -5*g + 4*y = -211, 0*g - 5*g - 2*y + 217 = 0. Suppose g*j = 12*j + 23095. What are the prime factors of j?
5, 149
List the prime factors of -155 + 155 + (14535 - -2).
14537
Let z(f) = -193*f - 8*f**2 + f**2 + 192*f + 384. Let k be z(0). Suppose 3*x - 2*l = 5*x - k, 5*x - 5*l = 930. What are the prime factors of x?
3, 7
Suppose -2*h = q - 23199, 51*h - 47*h - 3*q = 46423. What are the prime factors of h?
2, 5801
What are the prime factors of (19/171 + 8/36)/(2/75612)?
2, 6301
Suppose 0*x = -5*w + 2*x + 678, 3*x - 139 = -w. Suppose 2*n + 2*r = 64, -4*n - 2*r + 0*r + w = 0. Let b = n + -2. L